 l(3). Let n be -2 + -3 - w - -2. Suppose n*b + 4*b = 5*g - 320, b + 128 = 2*g. What is the greatest common divisor of 8 and g?
8
Let i(f) = f**2 + f - 2. Let u be i(3). Let z = -20 - -30. What is the greatest common factor of u and z?
10
Let k(g) = g + 23. Let d be k(-9). Calculate the highest common divisor of 21 and d.
7
Let w = -10 + 28. Let h = 1 + 8. What is the greatest common divisor of h and w?
9
Let o be (-40)/(-16) - 1/2. What is the greatest common factor of 3 and o?
1
Let x be (-14)/(-3) - 1/(-3). Suppose 0 = 5*a - 9 - 16. Suppose 32 = -a*p + 107. Calculate the greatest common factor of x and p.
5
Let h be (-659)/(-4) - (-2)/8. Let f = -58 - -73. Calculate the greatest common divisor of f and h.
15
Let t(s) = s. Let c(f) = -22*f - 18. Let p(z) = c(z) + 2*t(z). Let q be p(-9). Calculate the highest common factor of 18 and q.
18
Let r be (2 + 28)*(-13)/(-3). Calculate the greatest common factor of 26 and r.
26
Suppose -2 = -h - 0. Suppose 3*r = -k + 101, h*r - 89 = -r - 4*k. Let s(b) = -b**3 + 4*b**2 - 1. Let c be s(2). What is the greatest common divisor of c and r?
7
Let g(w) = -w**3 - 4*w**2 + 5*w + 4. Let q be g(-5). Let x be 8 - (q - 1 - 4). Suppose -m + 3 = -3. Calculate the highest common factor of x and m.
3
Let y be (-70)/(-6) - 2/3. Suppose -i + 0*i = -44. Calculate the highest common factor of y and i.
11
Suppose -5*r = -r - 16. Suppose -5*x = -3*d - 4*x + 9, -5*x = 5*d + 5. What is the highest common factor of r and d?
2
Let n = -15 - -37. Calculate the greatest common factor of 2 and n.
2
Suppose 0 = -5*y - 7*g + 3*g + 30, -5*y + 3*g = 5. Let d be -20*2*(-4)/16. Calculate the greatest common factor of y and d.
2
Let o(v) = v**2 - 4*v + 3. Let x(i) be the first derivative of -3*i**2 + 2. Let w be x(-1). Let z be o(w). What is the highest common divisor of z and 10?
5
Let h be (8/10)/(6/15). Suppose -3*z + 3 = 3*r - 9, 5*r = 25. Let f be (2 - h) + (z - -5). What is the greatest common factor of f and 28?
4
Suppose -13*n - 2*n = -2565. What is the highest common factor of n and 19?
19
Suppose -4 = -2*o + 2. Suppose -g = 2*y - 2, -o*g + 0*g + 2*y + 38 = 0. What is the greatest common divisor of 40 and g?
10
Suppose l = 5*y + 5*l - 596, -3*l - 104 = -y. What is the highest common factor of 29 and y?
29
Suppose 2*j + 24 + 6 = i, 5*i - j - 159 = 0. What is the highest common divisor of i and 8?
8
Let x be ((-22)/(-4))/((-2)/(-24)). Calculate the greatest common divisor of 99 and x.
33
Let s be (-2)/(1*2/(-3)). Suppose r + 10 = -0*f + 3*f, -s*r + 3*f - 6 = 0. Let m = 2 + r. Calculate the highest common factor of m and 20.
4
Let p(z) = -2*z**2 + 4*z**2 + z**2 + 3 - 3*z. Let o be p(2). Let b be 8/(-6)*o/(-2). Calculate the highest common divisor of 24 and b.
6
Let s = 2 - 1. Suppose 4*m = 2 - 6. Let f be (-8)/(m/(1/2)). Calculate the greatest common divisor of s and f.
1
Suppose 12 = -3*h, -5*y - h = -6 + 40. Let f = 10 + y. Calculate the highest common divisor of 1 and f.
1
Let v(h) = -h - 4. Let i = -11 - -7. Let a be v(i). Suppose a = -3*k + 2*k + 5. What is the highest common factor of k and 40?
5
Let s(v) = -v**2 + 5*v - 4. Let g be s(7). Let j = -9 - g. Calculate the greatest common factor of 9 and j.
9
Let o be (13/((-52)/(-120)))/2. What is the greatest common factor of 30 and o?
15
Suppose -7*d + 2*a = -4*d - 15, -d + a = -5. Suppose 33 = d*h - 2. Calculate the highest common divisor of 49 and h.
7
Let p(n) be the first derivative of 3*n**2/2 - 6*n - 5. Let t be p(4). Calculate the greatest common factor of 2 and t.
2
Let j(o) = 13*o + 7. Suppose 3*w - 36 = w + 4*n, -34 = -3*w - 4*n. Let l be j(w). What is the greatest common factor of 21 and l?
21
Let d(y) = 8*y**2 - 2*y - 2. Let l be d(-1). Suppose 4*r - 57 = -5*z, 3*r - 5*z = -0 - 1. What is the highest common factor of l and r?
8
Suppose -8*k = -4*k - 272. What is the highest common factor of k and 17?
17
Let v be ((-9)/12)/(5/(-440)). Let g(p) = 4*p**3 - 3*p**2 + 2*p - 2. Let u be g(2). What is the greatest common divisor of u and v?
22
Suppose 5*o - 2*o = 5*i + 41, 0 = -o - 4*i + 8. What is the highest common factor of 3 and o?
3
Suppose -3*z + z - 3*a + 4 = 0, -4*a = 16. Suppose 0 = 2*u - 6*u + z. Let x(s) = s**2 - 6*s - 5. Let r be x(-3). What is the highest common divisor of u and r?
2
Let a(o) = -15*o - 3. Let p = 10 - 6. Suppose -4*h - y - 3*y - 32 = 0, -p*y - 16 = 0. Let n be a(h). What is the highest common factor of n and 19?
19
Let r(h) = -h + 6. Let o be r(4). What is the greatest common factor of 18 and o?
2
Suppose h - 5*k = -13 - 3, h - 29 = -4*k. Calculate the greatest common factor of h and 99.
9
Suppose -14 = -3*k + 4. Suppose -10*s + 36 = -k*s. Calculate the highest common divisor of s and 9.
9
Suppose 7*u - u - 324 = 0. What is the greatest common divisor of 6 and u?
6
Let w(u) = 2*u + 14. Let r be w(-5). Calculate the highest common factor of r and 1.
1
Let a = 209 + -364. Let t = -56 - a. Calculate the highest common factor of 11 and t.
11
Let y = 15 + -2. Let h(v) = -v**3 + 13*v**2 + 12. Let u be h(y). Calculate the greatest common divisor of u and 60.
12
Suppose -6*b + 128 = 26. What is the greatest common factor of 17 and b?
17
Suppose -44 = -m - m. Suppose -m = 3*f + 4*b, -2*f - b - 3 = 5. Let l(a) = -24*a + 1. Let g be l(f). What is the highest common factor of g and 7?
7
Suppose -5*l = -4*r - l - 36, 0 = -2*r - l - 12. Let s(y) = y**3 + 8*y**2 + 4*y + 1. Let a be s(r). What is the highest common factor of a and 33?
11
Let j be (-4)/5*(-4185)/18. Suppose 4*l = -5*n + 142, -4*l + n - 32 + j = 0. Calculate the highest common factor of 19 and l.
19
Let k be 1*2/(-2) - -89. Suppose 2*y - 4*b = -4, -b = y - 4*y - 21. Let l be 0/(4/1) - y. Calculate the greatest common factor of l and k.
8
Let s(l) = l**2 + 9*l + 31. Let u be s(-6). What is the greatest common factor of u and 143?
13
Let q = 2 + 0. Let u be 0 + 1/(q/8). Suppose 4*k = 2*b + 58, -4*k - u*b - 25 = -5*k. Calculate the greatest common divisor of 91 and k.
13
Let x(f) = -f**3 - 6*f**2 + 6*f + 2. Let c be x(-7). What is the highest common factor of c and 1?
1
Suppose -i + 10 = 5*w, -2*i - 2 = -3*w + 4. What is the greatest common factor of w and 3?
1
Suppose -u - 87 = 2*z, -z - u = 4*u + 39. Let d = -24 - z. Suppose j = 2*j + o - 47, 0 = -2*j + 3*o + 109. Calculate the greatest common factor of d and j.
10
Let r(p) = 9*p**3 + 3*p**2 - 4*p + 2. Let w be r(1). What is the highest common factor of 25 and w?
5
Let o = 58 - 50. What is the highest common divisor of 28 and o?
4
Let h = -10 + 8. Let x = 46 - h. What is the highest common factor of 12 and x?
12
Let a be 5/(1/(0 - 3)). Let x be (-93)/a + (-2)/10. Let d = 19 + -10. What is the greatest common factor of d and x?
3
Let w be ((-8)/(-10))/((-2)/10). Let y(t) = -3*t + 3. Let r be y(w). What is the highest common divisor of 30 and r?
15
Let q(y) = 3*y**2 - 6*y + 6. Let o be q(4). Let i(h) = -h**3 - 3*h**2 - 3*h + 1. Let r be i(-3). Calculate the greatest common factor of o and r.
10
Let z = -13 + 19. Let w be (19 - -2)/(z/4). Calculate the greatest common divisor of 98 and w.
14
Suppose 0 = 2*k - 0*k - 126. Let i = k - 38. Suppose 0 = -5*m + 5*c + i, 3*m - 2*c - 20 = -0*c. Calculate the highest common factor of m and 110.
10
Let o be (10 - 11)/(3/(-165)*1). Suppose 0 = -b + 22. What is the greatest common divisor of b and o?
11
Let o be ((-36)/8)/(-9)*26. Let y = 140 + -23. Calculate the highest common factor of y and o.
13
Suppose 24 = 5*i - 5*v - 31, 3*v + 3 = -2*i. Let t(m) = m**2 - 7*m - 4. Let o be t(7). Let g = o - -16. What is the greatest common divisor of i and g?
6
Let t be 528/7 + ((-15)/7)/5. Suppose -2*p + 27 = -0*v + v, 12 = -4*v. What is the highest common factor of p and t?
15
Let g = -223 - -367. Calculate the highest common factor of 18 and g.
18
Suppose -14 = -2*i - 0. Let m = i + 3. Calculate the highest common factor of m and 80.
10
Suppose -14 + 4 = -5*v. Suppose z + v*z + 9 = 0. Let p be (10 + 2)/(z/(-2)). What is the greatest common divisor of p and 24?
8
Suppose 3*z - 4*z + 189 = 3*v, 3*z + 189 = 3*v. Calculate the highest common divisor of 7 and v.
7
Let o = 72 - 51. Suppose -3*q = -87 - o. Calculate the greatest common divisor of q and 4.
4
Let q be (1 - 3) + (28 - -1). Calculate the highest common divis